{"id":85,"date":"2022-11-07T12:11:07","date_gmt":"2022-11-07T12:11:07","guid":{"rendered":"https:\/\/praxis-albarjes.de\/?page_id=85"},"modified":"2024-01-02T15:57:05","modified_gmt":"2024-01-02T15:57:05","slug":"impressum","status":"publish","type":"page","link":"https:\/\/praxis-albarjes.de\/?page_id=85","title":{"rendered":"Impressum"},"content":{"rendered":"\n  \n    \n    <section class=\"u-clearfix u-section-2\" id=\"sec-3cc4\">\n      <div class=\"u-clearfix u-sheet u-sheet-1\">\n        <div class=\"u-clearfix u-custom-html u-expanded-width u-custom-html-1\">\n          <h1>Impressum<\/h1>\n          <h2>Angaben gem\u00e4\u00df \u00a7 5 TMG<\/h2>\n          <p>Ali Albarjes<br> Hausarztpraxis Albarjes<br> Koblenzer Str. 3<br> 57072 Siegen\n          <\/p>\n          <h2>Kontakt<\/h2>\n          <p>Telefon: 0271 54 764<br> Telefax: 0271 23 90 45 4<br> E-Mail: albarjes@gmx.de\n          <\/p>\n          <h2>Aufsichtsbeh\u00f6rde<\/h2>\n          <p>\u00c4rztekammer Westfalen-Lippe (\u00c4KWL)<br> Gartenstr. 210-214,<br> 48147 M\u00fcnster,\n          <\/p>\n          <p>\n            <a href=\"https:\/\/www.aekwl.de\/\" target=\"_blank\" rel=\"noopener noreferrer\">https:\/\/www.aekwl.de\/<\/a>\n          <\/p>\n          <p>\n            <strong>Kassen\u00e4rztliche Vereinigung<\/strong>\n            <br> kassen\u00e4rztliche vereinigung westfalen-lippe<br> Robert-Schimrigk-Stra\u00dfe 4-6<br> 44141 Dortmund<br>\n          <\/p>\n          <p>\n            <a href=\"https:\/\/www.kvwl.de\/\" target=\"_blank\" rel=\"noreferrer\">www.kvwl.de<\/a>\n          <\/p>\n          <p><\/p>\n          <h2>Berufsbezeichnung und berufsrechtliche Regelungen<\/h2>\n          <p>Berufsbezeichnung:<br> Facharzt f\u00fcr Innere Medizin mit Schwerpunkt Kardiologie und Facharzt f\u00fcr Allgemeinmedizin\n          <\/p>\n          <p>Zust\u00e4ndige Kammer:<br> \u00c4rztekammer Westfalen-Lippe. Kassen\u00e4rztliche Vereinigung Westfalen-Lippe.\n          <\/p>\n          <p>Verliehen in:<br> Deutschland\n          <\/p>\n          <p>Es gelten folgende berufsrechtliche Regelungen:<\/p>\n          <p>Berufsordnung in der Fassung vom 28. November 2015<br> einsehbar unter: <a href=\"https:\/\/recht.nrw.de\/lmi\/owa\/br_text_anzeigen?v_id=74120170406111640601\" target=\"_blank\" rel=\"noopener noreferrer\">https:\/\/recht.nrw.de\/lmi\/owa\/br_text_anzeigen?v_id=74120170406111640601<\/a>\n          <\/p>\n          <h2>Verbraucher\u00adstreit\u00adbeilegung\/Universal\u00adschlichtungs\u00adstelle<\/h2>\n          <p>Wir sind nicht bereit oder verpflichtet, an Streitbeilegungsverfahren vor einer Verbraucherschlichtungsstelle teilzunehmen.<\/p>\n        <\/div>\n        <lt-highlighter style=\"display: none; z-index: 1 !important;\">\n          <lt-div spellcheck=\"false\" class=\"lt-highlighter__wrapper\" style=\"width: 200px; height: 36px; transform: none !important; transform-origin: 99.8083px 18px 0px !important; margin-top: 30px;\">\n            <lt-div class=\"lt-highlighter__scroll-element\" style=\"top: 0px; left: 0px; width: 200px; height: 37px;\"><\/lt-div>\n          <\/lt-div>\n        <\/lt-highlighter>\n        <h3 class=\"u-text u-text-default u-text-1\">Bildnachweise:<\/h3>\n        <lt-highlighter style=\"display: none; z-index: 1 !important;\">\n          <lt-div spellcheck=\"false\" class=\"lt-highlighter__wrapper\" style=\"width: 334px; height: 26px; transform: none !important; transform-origin: 166.942px 12.8px 0px !important; margin-top: 20px;\">\n            <lt-div class=\"lt-highlighter__scroll-element\" style=\"top: 0px; left: 0px; width: 334px; height: 26px;\">\n              <canvas class=\"lt-highlighter__canvas\" style=\"display: none; top: 2px; left: 0px;\" width=\"99\" height=\"23\"><\/canvas>\n            <\/lt-div>\n          <\/lt-div>\n        <\/lt-highlighter>\n        <p class=\"u-text u-text-default u-text-2\"> BillionPhotos \u00a9 stock.adobe.com #<a class=\"js-detail-content-id u-active-none u-border-none u-btn u-button-style u-hover-none u-none u-text-palette-1-base u-btn-1\" href=\"https:\/\/stock.adobe.com\/de\/images\/doctor\/94813212?prev_url=detail\">94813212<\/a>\n        <\/p>\n        <p class=\"u-text u-text-default u-text-3\"> BillionPhotos \u00a9 stock.adobe.com #<lt-highlighter style=\"display: none;\">\n            <lt-div spellcheck=\"false\" class=\"lt-highlighter__wrapper\" style=\"width: 82px; height: 26px; transform: none !important; transform-origin: 41.1719px 12.7969px !important; zoom: 1 !important; margin-left: 261px;\">\n              <lt-div class=\"lt-highlighter__scroll-element\" style=\"top: 0px; left: 0px; width: 82px; height: 26px;\"><\/lt-div>\n            <\/lt-div>\n          <\/lt-highlighter>\n          <a class=\"js-detail-content-id u-active-none u-border-none u-btn u-button-style u-hover-none u-none u-text-palette-1-base u-btn-2\" href=\"https:\/\/stock.adobe.com\/de\/images\/pediatric\/353704264\"> 353704264<\/a>\n        <\/p>\n        <p class=\"u-text u-text-default u-text-4\"> DarkoStojanovic \u00a9 pixabay.com #<lt-highlighter style=\"display: none;\">\n            <lt-div spellcheck=\"false\" class=\"lt-highlighter__wrapper\" style=\"width: 131px; height: 26px; transform: none !important; transform-origin: 65.725px 12.8px 0px !important; margin-left: 251px;\">\n              <lt-div class=\"lt-highlighter__scroll-element\" style=\"top: 0px; left: 0px; width: 131px; height: 26px;\">\n                <canvas class=\"lt-highlighter__canvas\" style=\"display: none; top: 2px; left: 0px;\" width=\"131\" height=\"23\"><\/canvas>\n              <\/lt-div>\n            <\/lt-div>\n          <\/lt-highlighter>\n          <a class=\"js-detail-content-id u-active-none u-border-none u-btn u-button-style u-hover-none u-none u-text-palette-1-base u-btn-3\" href=\"https:\/\/pixabay.com\/photos\/medical-appointment-doctor-563427\/\"> DarkoStojanovic<\/a>\n        <\/p>\n        <p class=\"u-text u-text-default u-text-5\"> Bokskapet \u00a9 pixabay.com #<a class=\"hover_opacity u-active-none u-border-none u-btn u-button-link u-button-style u-hover-none u-none u-text-palette-1-base u-btn-4\" href=\"https:\/\/pixabay.com\/de\/photos\/ausr%c3%bcstung-krankenhaus-ekg-3089883\/\">Bokskapet<\/a>\n          <lt-highlighter style=\"display: none;\">\n            <lt-div spellcheck=\"false\" class=\"lt-highlighter__wrapper\" style=\"width: 131px; height: 26px; transform: none !important; transform-origin: 65.725px 12.8px 0px !important; margin-left: 251px;\">\n              <lt-div class=\"lt-highlighter__scroll-element\" style=\"top: 0px; left: 0px; width: 131px; height: 26px;\">\n                <canvas class=\"lt-highlighter__canvas\" style=\"display: none; top: 2px; left: 0px;\" width=\"131\" height=\"23\"><\/canvas>\n              <\/lt-div>\n            <\/lt-div>\n          <\/lt-highlighter>\n        <\/p>\n      <\/div>\n    <\/section>\n    \n    \n  \n","protected":false},"excerpt":{"rendered":"<p>Impressum Angaben gem\u00e4\u00df \u00a7 5 TMG Ali Albarjes Hausarztpraxis Albarjes Koblenzer Str. 3 57072 Siegen Kontakt Telefon: 0271 54 764 Telefax: 0271 23 90 45 4 E-Mail: albarjes@gmx.de Aufsichtsbeh\u00f6rde \u00c4rztekammer Westfalen-Lippe (\u00c4KWL) Gartenstr. 210-214, 48147 M\u00fcnster, https:\/\/www.aekwl.de\/ Kassen\u00e4rztliche Vereinigung kassen\u00e4rztliche vereinigung westfalen-lippe Robert-Schimrigk-Stra\u00dfe 4-6 44141 Dortmund www.kvwl.de Berufsbezeichnung und berufsrechtliche Regelungen Berufsbezeichnung: Facharzt f\u00fcr Innere &hellip; <a href=\"https:\/\/praxis-albarjes.de\/?page_id=85\" class=\"more-link\">Continue reading<span class=\"screen-reader-text\"> &#8222;Impressum&#8220;<\/span><\/a><\/p>\n","protected":false},"author":2,"featured_media":0,"parent":0,"menu_order":0,"comment_status":"closed","ping_status":"closed","template":"","meta":{"footnotes":""},"class_list":["post-85","page","type-page","status-publish","hentry"],"_links":{"self":[{"href":"https:\/\/praxis-albarjes.de\/index.php?rest_route=\/wp\/v2\/pages\/85","targetHints":{"allow":["GET"]}}],"collection":[{"href":"https:\/\/praxis-albarjes.de\/index.php?rest_route=\/wp\/v2\/pages"}],"about":[{"href":"https:\/\/praxis-albarjes.de\/index.php?rest_route=\/wp\/v2\/types\/page"}],"author":[{"embeddable":true,"href":"https:\/\/praxis-albarjes.de\/index.php?rest_route=\/wp\/v2\/users\/2"}],"replies":[{"embeddable":true,"href":"https:\/\/praxis-albarjes.de\/index.php?rest_route=%2Fwp%2Fv2%2Fcomments&post=85"}],"version-history":[{"count":9,"href":"https:\/\/praxis-albarjes.de\/index.php?rest_route=\/wp\/v2\/pages\/85\/revisions"}],"predecessor-version":[{"id":130,"href":"https:\/\/praxis-albarjes.de\/index.php?rest_route=\/wp\/v2\/pages\/85\/revisions\/130"}],"wp:attachment":[{"href":"https:\/\/praxis-albarjes.de\/index.php?rest_route=%2Fwp%2Fv2%2Fmedia&parent=85"}],"curies":[{"name":"wp","href":"https:\/\/api.w.org\/{rel}","templated":true}]}}

<section class="u-clearfix u-section-2" id="sec-3cc4">
      <div class="u-clearfix u-sheet u-sheet-1">
        <div class="u-clearfix u-custom-html u-expanded-width u-custom-html-1">
          <h1>Impressum</h1>
          <h2>Angaben gemäß § 5 TMG</h2>
          <p>Ali Albarjes<br> Hausarztpraxis Albarjes<br> Koblenzer Str. 3<br> 57072 Siegen
          </p>
          <h2>Kontakt</h2>
          <p>Telefon: 0271 54 764<br> Telefax: 0271 23 90 45 4<br> E-Mail: albarjes@gmx.de
          </p>
          <h2>Aufsichtsbehörde</h2>
          <p>Ärztekammer Westfalen-Lippe (ÄKWL)<br> Gartenstr. 210-214,<br> 48147 Münster,
          </p>
          <p>
            <a href="https://www.aekwl.de/" target="_blank" rel="noopener noreferrer">https://www.aekwl.de/</a>
          </p>
          <p>
            <strong>Kassenärztliche Vereinigung</strong>
            <br> kassenärztliche vereinigung westfalen-lippe<br> Robert-Schimrigk-Straße 4-6<br> 44141 Dortmund<br>
          </p>
          <p>
            <a href="https://www.kvwl.de/" target="_blank" rel="noreferrer">www.kvwl.de</a>
          </p>
          <p></p>
          <h2>Berufsbezeichnung und berufsrechtliche Regelungen</h2>
          <p>Berufsbezeichnung:<br> Facharzt für Innere Medizin mit Schwerpunkt Kardiologie und Facharzt für Allgemeinmedizin
          </p>
          <p>Zuständige Kammer:<br> Ärztekammer Westfalen-Lippe. Kassenärztliche Vereinigung Westfalen-Lippe.
          </p>
          <p>Verliehen in:<br> Deutschland
          </p>
          <p>Es gelten folgende berufsrechtliche Regelungen:</p>
          <p>Berufsordnung in der Fassung vom 28. November 2015<br> einsehbar unter: <a href="https://recht.nrw.de/lmi/owa/br_text_anzeigen?v_id=74120170406111640601" target="_blank" rel="noopener noreferrer">https://recht.nrw.de/lmi/owa/br_text_anzeigen?v_id=74120170406111640601</a>
          </p>
          <h2>Verbraucher­streit­beilegung/Universal­schlichtungs­stelle</h2>
          <p>Wir sind nicht bereit oder verpflichtet, an Streitbeilegungsverfahren vor einer Verbraucherschlichtungsstelle teilzunehmen.</p>
        </div>
        <lt-highlighter style="display: none; z-index: 1 !important;">
          <lt-div spellcheck="false" class="lt-highlighter__wrapper" style="width: 200px; height: 36px; transform: none !important; transform-origin: 99.8083px 18px 0px !important; margin-top: 30px;">
            <lt-div class="lt-highlighter__scroll-element" style="top: 0px; left: 0px; width: 200px; height: 37px;"></lt-div>
          </lt-div>
        </lt-highlighter>
        <h3 class="u-text u-text-default u-text-1">Bildnachweise:</h3>
        <lt-highlighter style="display: none; z-index: 1 !important;">
          <lt-div spellcheck="false" class="lt-highlighter__wrapper" style="width: 334px; height: 26px; transform: none !important; transform-origin: 166.942px 12.8px 0px !important; margin-top: 20px;">
            <lt-div class="lt-highlighter__scroll-element" style="top: 0px; left: 0px; width: 334px; height: 26px;">
              <canvas class="lt-highlighter__canvas" style="display: none; top: 2px; left: 0px;" width="99" height="23"></canvas>
            </lt-div>
          </lt-div>
        </lt-highlighter>
        <p class="u-text u-text-default u-text-2"> BillionPhotos © stock.adobe.com #<a class="js-detail-content-id u-active-none u-border-none u-btn u-button-style u-hover-none u-none u-text-palette-1-base u-btn-1" href="https://stock.adobe.com/de/images/doctor/94813212?prev_url=detail">94813212</a>
        </p>
        <p class="u-text u-text-default u-text-3"> BillionPhotos © stock.adobe.com #<lt-highlighter style="display: none;">
            <lt-div spellcheck="false" class="lt-highlighter__wrapper" style="width: 82px; height: 26px; transform: none !important; transform-origin: 41.1719px 12.7969px !important; zoom: 1 !important; margin-left: 261px;">
              <lt-div class="lt-highlighter__scroll-element" style="top: 0px; left: 0px; width: 82px; height: 26px;"></lt-div>
            </lt-div>
          </lt-highlighter>
          <a class="js-detail-content-id u-active-none u-border-none u-btn u-button-style u-hover-none u-none u-text-palette-1-base u-btn-2" href="https://stock.adobe.com/de/images/pediatric/353704264"> 353704264</a>
        </p>
        <p class="u-text u-text-default u-text-4"> DarkoStojanovic © pixabay.com #<lt-highlighter style="display: none;">
            <lt-div spellcheck="false" class="lt-highlighter__wrapper" style="width: 131px; height: 26px; transform: none !important; transform-origin: 65.725px 12.8px 0px !important; margin-left: 251px;">
              <lt-div class="lt-highlighter__scroll-element" style="top: 0px; left: 0px; width: 131px; height: 26px;">
                <canvas class="lt-highlighter__canvas" style="display: none; top: 2px; left: 0px;" width="131" height="23"></canvas>
              </lt-div>
            </lt-div>
          </lt-highlighter>
          <a class="js-detail-content-id u-active-none u-border-none u-btn u-button-style u-hover-none u-none u-text-palette-1-base u-btn-3" href="https://pixabay.com/photos/medical-appointment-doctor-563427/"> DarkoStojanovic</a>
        </p>
        <p class="u-text u-text-default u-text-5"> Bokskapet © pixabay.com #<a class="hover_opacity u-active-none u-border-none u-btn u-button-link u-button-style u-hover-none u-none u-text-palette-1-base u-btn-4" href="https://pixabay.com/de/photos/ausr%c3%bcstung-krankenhaus-ekg-3089883/">Bokskapet</a>
          <lt-highlighter style="display: none;">
            <lt-div spellcheck="false" class="lt-highlighter__wrapper" style="width: 131px; height: 26px; transform: none !important; transform-origin: 65.725px 12.8px 0px !important; margin-left: 251px;">
              <lt-div class="lt-highlighter__scroll-element" style="top: 0px; left: 0px; width: 131px; height: 26px;">
                <canvas class="lt-highlighter__canvas" style="display: none; top: 2px; left: 0px;" width="131" height="23"></canvas>
              </lt-div>
            </lt-div>
          </lt-highlighter>
        </p>
      </div>
    </section>

<p>Impressum Angaben gemäß § 5 TMG Ali Albarjes Hausarztpraxis Albarjes Koblenzer Str. 3 57072 Siegen Kontakt Telefon: 0271 54 764 Telefax: 0271 23 90 45 4 E-Mail: albarjes@gmx.de Aufsichtsbehörde Ärztekammer Westfalen-Lippe (ÄKWL) Gartenstr. 210-214, 48147 Münster, https://www.aekwl.de/ Kassenärztliche Vereinigung kassenärztliche vereinigung westfalen-lippe Robert-Schimrigk-Straße 4-6 44141 Dortmund www.kvwl.de Berufsbezeichnung und berufsrechtliche Regelungen Berufsbezeichnung: Facharzt für Innere &hellip; <a href="https://praxis-albarjes.de/?page_id=85" class="more-link">Continue reading<span class="screen-reader-text"> &#8222;Impressum&#8220;</span></a></p>
